c and 92?
23
Let p(i) be the first derivative of i**4/4 + 8*i**3/3 - i**2/2 - 7*i - 4. Let a be p(-8). Let v be 1*4*(5 - a). What is the highest common factor of v and 80?
16
Suppose -3*s + 11 = -13. Let p(x) = x**3 + 8*x**2 + 7*x + 2. Let l be p(-6). Calculate the greatest common factor of l and s.
8
Let a(j) = j**3 + 8*j**2 - 4*j - 5. Let u be a(-8). What is the highest common factor of 3 and u?
3
Let v(q) = 11*q + 2. Let j be v(1). Calculate the highest common divisor of 104 and j.
13
Let j be 0 - 9*(1 - 2). Let k(f) = 8*f - 10. Let t be k(8). What is the highest common divisor of t and j?
9
Let v(i) = -5*i**2 + 2*i - 7. Let g(u) = 4*u**2 - u + 8. Let h(m) = 3*g(m) + 2*v(m). Let r be h(7). Calculate the highest common divisor of 23 and r.
23
Suppose 0 = 4*i, c - 125 = -4*i - i. Calculate the greatest common divisor of 25 and c.
25
Let u = 22 + 14. Let q be 1/((-1)/27*-3). Calculate the greatest common factor of q and u.
9
Suppose 25*k - 20*k - 10 = 0. Calculate the highest common divisor of 2 and k.
2
Suppose 4 = -5*n + g + 23, 5*g + 7 = 3*n. Let s(v) = 2*v - 7. Let i be s(7). Let d = i + 3. Calculate the greatest common divisor of n and d.
2
Suppose -26 = -5*p + 4*p + 4*k, -4 = 4*k. Let i = 34 - p. What is the greatest common factor of 18 and i?
6
Suppose -1425 = -9*y + 4*y. Suppose 4*p + 65 = y. What is the greatest common divisor of p and 11?
11
Suppose 0 = f - 2 + 1. Let s be (234/3 + 0)*f. What is the greatest common factor of 13 and s?
13
Let s be (2 - 2 - -5) + -3. Suppose -s*a + 45 = 1. What is the greatest common factor of 33 and a?
11
Let f = 64 - 24. What is the highest common factor of 8 and f?
8
Let l = 11 + -6. Let o(x) = -2 + 7*x - 7*x + x**3 - 3 - 2*x**2. Let a be o(l). What is the highest common divisor of 10 and a?
10
Suppose -b = -4*x + 378, 5*x + b = 2*b + 473. What is the highest common divisor of 38 and x?
19
Let r be (-4 + 41 - -2)*1. Let z = 59 - r. Calculate the greatest common factor of 30 and z.
10
Let m = 7 + -4. Suppose k - 36 = 3*i, -2*k - 25*i + 67 = -30*i. What is the highest common factor of m and k?
3
Suppose 3*p - 737 = -2*p - b, -290 = -2*p + 2*b. Suppose -3*l + q = -0*l - 58, q + 37 = 2*l. What is the greatest common factor of p and l?
21
Let g(m) = -3*m - 1. Let c be g(-1). Suppose -c*w = w - 66. Calculate the greatest common factor of w and 22.
22
Suppose 3*p - 14 = -j, -3*j = -0*j - 3*p + 6. Suppose -3*m = -j*r - 18, -m + 3*r + 12 = m. Calculate the greatest common factor of 42 and m.
6
Let l(q) = -q**3 + 5*q**2 + q - 1. Let f be l(4). Let s = -5 - -8. Let w be -57*(-1)/s*1. What is the highest common factor of f and w?
19
Let t(h) = -2*h + 1. Let x be t(-4). Suppose 0 = b + 5*w - 2 + 1, -3*b = 4*w + 19. Let m be (-1 + 0)/(1/b). What is the highest common divisor of x and m?
9
Let q = -18 - -13. Let n(w) = -8*w + 4. Let a be n(q). Calculate the greatest common divisor of a and 11.
11
Suppose 5*s - 104 = 16. What is the greatest common factor of s and 168?
24
Suppose -5*p + 117 + 273 = 0. Suppose 2*o + o - p = 0. Calculate the highest common factor of o and 65.
13
Suppose 10*m - 336 = 6*m. Calculate the highest common divisor of 14 and m.
14
Suppose -k = 1 - 6. Suppose k*f + 115 = 5*g, -3*g - g - 4*f = -108. What is the greatest common divisor of g and 5?
5
Let a(t) = -3 - 3*t**2 + 0*t**2 + 8*t**2. Let b be a(3). What is the highest common factor of b and 14?
14
Let m = 16 - 15. What is the greatest common divisor of 1 and m?
1
Let q(t) = -4*t**3 - t**2 - 5*t + 2. Let m be q(-2). Calculate the highest common divisor of m and 16.
8
Suppose 0 = -2*p + p + 4. Suppose 252 = p*z + g, -126 = -2*z + 5*g - 0*g. Let o = -11 + 20. Calculate the greatest common divisor of o and z.
9
Suppose -10 = -2*t - 3*t, -4*t = -2*j + 90. Let v = j + -22. Calculate the highest common factor of 3 and v.
3
Let w(q) = 4*q - 4. Let r be w(11). Calculate the greatest common factor of r and 16.
8
Suppose 2*h = -2*h + 5*b + 21, 3*h - 5*b = 17. Suppose 5*p + 70 = 5*w, -h*w - 4 + 39 = 3*p. What is the greatest common divisor of 55 and w?
11
Let t = -65 - -121. Calculate the highest common factor of t and 7.
7
Let d(w) = -3*w - 17 + w + 11 + w**2. Let t be d(5). Suppose 3*u + 322 = 3*q - 2*u, -5*u = -2*q + 223. Calculate the highest common factor of t and q.
9
Suppose 22 = 5*p + 2. Suppose p*h - 15 = -h. Suppose -3 = -3*b + h. What is the highest common divisor of b and 8?
2
Let h be 1/(1 - (-198)/(-200)). Calculate the greatest common divisor of h and 25.
25
Let a be (-8 + 0)/(2/(-20)). Suppose a = p - 5*p. Let c be 6/(-1)*p/8. What is the highest common divisor of 45 and c?
15
Suppose 3*x = -2*x - 80. Let t = 34 + x. Calculate the greatest common divisor of 162 and t.
18
Let c = 188 + 50. Suppose -4*s + 2*t = 904, -c - 214 = 2*s - 4*t. Let o be s/(-3) + (-1)/3. Calculate the greatest common divisor of 30 and o.
15
Suppose r - 5*r = 24. Let f be 28/(-6)*9/r. Suppose -f*b + 3*b = -84. What is the greatest common factor of b and 63?
21
Let k be -3 + (40 - (-1 + 0)). What is the greatest common factor of k and 19?
19
Let f = 3 - 1. Suppose 3*h - 110 = -2*n, -n + f*h + 29 = -26. What is the greatest common factor of n and 11?
11
Let o(n) = -4*n - 20. Let l be o(-6). Suppose 2*v - 46 = -l*m, 5*v + 0*v = -3*m + 94. Calculate the highest common divisor of v and 34.
17
Suppose 8*y - 30 = 3*y. Let k be (-41)/(-3) + 2/y. Let d(w) = -w**2 + 17*w. Let g be d(7). Calculate the highest common divisor of g and k.
14
Suppose 0 = -4*j - 13 + 5. Let f(i) = 3*i**2 + 3*i + 1. Let d be f(j). Let w = 134 + -78. Calculate the greatest common factor of w and d.
7
Suppose -4*n - 84 = -324. Suppose -2*o + 82 = 4*i, -o + 102 = 5*i + o. What is the greatest common factor of n and i?
20
Let t(p) = -p**3 + 6*p**2 + 5*p + 6. Let y be t(6). Calculate the greatest common divisor of y and 54.
18
Let x be 18/(3 - (-1 + 3)). What is the highest common divisor of 144 and x?
18
Let z(c) = 2*c**2 + 4*c. Let v be ((-6)/4)/((-4)/(-8)). Let u be z(v). Calculate the greatest common factor of 6 and u.
6
Let f be (6/(-4))/((-2)/96*6). Suppose 0 = x + 2*g - 116, -2*g - 2*g + 124 = x. Calculate the highest common divisor of f and x.
12
Let b = -91 + 175. Let l be 61/5 - (28/(-10) - -3). Calculate the greatest common divisor of b and l.
12
Suppose -2*r = -3*r + 3. Suppose -r*p - 4*v + 70 = -3*v, 2*v - 71 = -3*p. Suppose 5*x + p - 98 = 0. Calculate the greatest common factor of x and 3.
3
Let l(r) = 2*r**3 + 3*r**2 + 4*r + 2. Let n be l(-2). Let a be 70/(-4)*(-48)/(-28). Let x be (-156)/n - 12/a. What is the highest common divisor of x and 64?
16
Suppose -13*y + 18 = -11*y. Calculate the greatest common divisor of y and 2.
1
Let x = -11 + 46. What is the greatest common factor of x and 7?
7
Let l be 14/(35/63*(-4)/(-10)). Calculate the greatest common factor of l and 21.
21
Let q = -17 + 25. Suppose -100 - q = -3*w. Calculate the greatest common divisor of 4 and w.
4
Let d(j) = 1 - 4 - 4 - 7*j + j**2. Let b be d(9). Calculate the greatest common divisor of b and 44.
11
Let z be (-12)/(-5)*(-80)/(-12). Calculate the highest common factor of z and 176.
16
Let y be (-4)/8 - (-17)/2. Suppose 3*l - g = 9, -l + y = -g - g. What is the greatest common divisor of 1 and l?
1
Let k = 110 - 79. What is the highest common divisor of k and 155?
31
Suppose -2*k = k - 4*b + 11, -3*k = -2*b + 1. Let g(h) = 2*h**2 - 2*h**2 - h**k + 13. Let q be g(0). Calculate the highest common factor of q and 143.
13
Suppose 40 = 4*p + 4*p. Calculate the greatest common factor of 5 and p.
5
Suppose 4*w + w + 5 = 0. Let m = w + 1. Suppose -4*r + 40 = 4*x - 0*x, m = 5*x - 5*r - 40. Calculate the greatest common factor of 18 and x.
9
Let n = 1 - -7. What is the highest common divisor of 48 and n?
8
Let h = -80 - -135. Let z = 118 - h. Calculate the highest common factor of z and 42.
21
Let k = 11 - 11. Suppose -3 = -0*a - 5*a - 3*i, 5*i + 20 = k. Calculate the greatest common factor of 2 and a.
1
Suppose 3*d = -d, -4*g - 2*d + 84 = 0. Calculate the highest common factor of g and 3.
3
Let v be -1 + -1 - (-43 - -1). Suppose h - 3*f - 3 = -4*f, h = -4*f. What is the highest common divisor of h and v?
4
Let f(y) = 26*y + 2. Let h be f(-1). Let n = 27 + h. What is the highest common divisor of n and 12?
3
Let q(u) = 